 5*j = 12. What is the units digit of s?
9
Suppose -j + 4 + 4 = 0. What is the tens digit of 290/j + (-10)/40?
3
Let w = 930 - 692. What is the units digit of w?
8
Let v(m) = -5*m**2 - 2*m + 1. Let n be v(-2). Suppose 31 = -i - 3*u, -62 = -21*i + 23*i - 5*u. Let y = n - i. What is the units digit of y?
6
Let u(w) = w**3 - 4*w**2 + 3*w - 4. Let d be u(3). Let m be (1 - -1)*6/d. What is the tens digit of (-1)/m + 87/9?
1
Let l(a) = 3*a**2 - 9*a - 1. Let s be l(7). Suppose s = t - 0*t. What is the tens digit of t?
8
Let s be (-4)/(8/6)*-1. Suppose -u + 9 + 11 = 0. Suppose s*b = 101 - u. What is the units digit of b?
7
Let k = -1020 - -1612. What is the units digit of k?
2
Let f be 3786/15 - (-2)/(-5). Suppose 2*o - f = -o. Suppose 5*w - 205 = -5*s, -2*s = 8*w - 4*w - o. What is the units digit of s?
0
Suppose -3*l + 20 = l. Let q = -12 + l. Let n = 30 + q. What is the tens digit of n?
2
Suppose 4*d = -2*y - 2, -4*y + 3*d = 4 - 22. Suppose -7 = -5*w + y. Suppose 6*f - w = 5*f. What is the units digit of f?
2
Let b(i) = -i**3 + 6*i**2 + 15*i - 14. Let j be (-6)/5*40/12. Let x(o) = -o**3 + 6*o**2 + 14*o - 13. Let q(s) = j*b(s) + 5*x(s). What is the tens digit of q(7)?
1
Let d = -56 + 38. Suppose 2*i + 92 = -4*g, 3*i + 4*g = -i - 180. Let h = d - i. What is the units digit of h?
6
Let v be 1/(6/(-2)) + (-151)/(-3). Suppose -v = 3*f - 128. What is the tens digit of f?
2
What is the units digit of 1076 + 1*(-64)/(-8)?
4
Suppose 60 = 6*l - 5*l. Suppose 0 = -3*g + 5*g - 8. Suppose 12 = -g*v + l. What is the units digit of v?
2
Suppose -9330 = -9*a + 6*a - 3*t, -6215 = -2*a - 3*t. What is the hundreds digit of a?
1
Let a(o) = -2*o + 14. Let j(q) = q**3 + 4*q**2 - 3. Let k be j(-3). Let w be a(k). Suppose 0*z - 36 = -4*z + w*n, 23 = z + 3*n. What is the tens digit of z?
1
Let u be 1 - -1*(0 - 4). What is the tens digit of 31 - ((-3)/u - 4)?
3
What is the tens digit of (-129690)/45*9/(-6)?
2
What is the thousands digit of 488/(-4)*243/(-18)?
1
Let i be (-3 + (-92)/(-16))*8. What is the tens digit of 11/(1 + 1 + (-42)/i)?
2
Suppose -5*r + 26 = -18*r. What is the hundreds digit of ((-4)/5)/(r/(-10)) - -183?
1
Suppose -v + 83 = 2*d, -2*d = 9*v - 5*v - 86. What is the units digit of d?
1
Let z = 1561 + -883. What is the units digit of z?
8
Suppose -3*o + 306 = 3*v, -3*v + 208 + 90 = o. Suppose -2*f - 3*d + 131 = 0, f - 4*d - v = d. What is the units digit of f?
3
Let p(v) = -17*v**3 + 5*v**2 - 2*v - 20. What is the tens digit of p(-3)?
9
Let s = 81 + -58. Suppose -3*h + 157 = 4*d, -s = -2*d + h + 48. What is the tens digit of d?
3
Let s(p) = -6*p**3 + 2*p**2 - 1. Let a be s(1). Let z be ((-4)/a)/((-2)/(-25)). Suppose z*l = 5*l + 80. What is the tens digit of l?
1
Let v be 1*3/(-5)*-20. What is the tens digit of (-11 + -1)*(-93)/v?
9
Suppose 5*u - 3*s - 10 = 0, -4*s + 0*s - 21 = u. Let k be u*(-2)/(-4)*10. Let i(x) = x**3 + 7*x**2 + 5*x + 4. What is the tens digit of i(k)?
2
Let c be (-6597)/(-27) - ((-8)/(-6) - 2). Suppose -10*a - 75 = -c. What is the tens digit of a?
1
What is the units digit of 4 + -1 + (2 - 2816/(-4))?
9
What is the tens digit of ((-4)/12)/(12/(-98568))?
3
Let z(v) = 3*v**2 + 20*v - 5. Let u be z(-7). Suppose 0 = 4*c - l - 201, -c + 3*l + 74 = -u*l. What is the units digit of c?
9
What is the thousands digit of 169/26 + (-1)/2 - -1372?
1
Suppose -2208 = -4*o + 4*d, -3*d - 1824 = -4*o + 389. What is the hundreds digit of o?
5
Let h(q) = 13*q - 18*q - 1 - 27*q + 5. What is the tens digit of h(-1)?
3
Suppose -13*n + 17*n - 6532 = 0. What is the hundreds digit of n?
6
Let n(z) = z**2 - 4*z - 10. Let v be n(6). Let p be (v/(-3))/(3/153). What is the units digit of (-1262)/p - 4/34?
7
Let w = -231 - -344. What is the tens digit of w?
1
Let f = -47 - -52. Let b = -43 - -85. Suppose 2*t = f*t - b. What is the tens digit of t?
1
Let f(g) = g - 35. Let b be f(-8). Let z = b - -81. What is the tens digit of z?
3
Let h = -80 + 381. Let l = h + -106. What is the hundreds digit of l?
1
Let d = 86 + -84. Suppose d*p + p - 3*l = 30, -5*p + 4*l + 55 = 0. What is the tens digit of p?
1
Suppose -4*y - 3*u = -1897, 4*y = u + 1697 + 188. What is the tens digit of y?
7
Suppose 2*z = 3*s, -s + z + 3 = 2*s. What is the tens digit of (-2)/(-3)*-3*-15*s?
6
Let n(a) = -a**2 - 8*a - 10. Suppose 0 = -2*u - 0*u - 6, -u = 3*y + 18. Let v be n(y). What is the tens digit of ((-2)/3)/(v/(-345))?
4
Suppose -4*s - 3*x = 0, 0 = 5*s + 3*x - 2*x. Suppose s = 4*d + 2*d - 84. What is the units digit of d?
4
Suppose 3*m - 35 = -4*m. Let p(u) = u**3 + 3*u + 16. What is the units digit of p(m)?
6
Let q(k) = -k**2 - 9*k + 11. Let u(y) = 5*y - 1. Let c be u(4). Suppose -4*b = 17 + c. What is the units digit of q(b)?
1
Suppose q = 3*n - 4445, -n - n = -2*q - 2970. What is the units digit of n?
0
Let c(p) = 2*p + 1885. What is the units digit of c(0)?
5
Let u = 11 - 9. Suppose t + 20 = r, -2*t = u*r + 17 + 27. What is the tens digit of t/(-35) + (-384)/(-10)?
3
Let x be 7/28 - (-6)/8 - -2. What is the tens digit of 118*x/6 + -1*2?
5
Let o be ((-7)/(-4))/((-2)/(-8)). Suppose o - 88 = -9*f. What is the units digit of f?
9
Let a = -3 - -3. Suppose -f + 4*g = 4, 3*f - 4*g + 5*g - 40 = a. What is the units digit of (-2)/((-27)/f - -2)?
8
Let t(v) = v**3 + 8*v**2 - 7*v - 10. Let k be t(-9). Let f = k + 73. What is the tens digit of f?
4
Let x = -97 + 567. What is the tens digit of x?
7
Let h(t) = 12*t**3 + t**2 - 9*t - 4. What is the tens digit of h(3)?
0
Let d = -923 - -524. What is the units digit of (d/2)/(-7)*2?
7
Suppose 89047 + 11928 = 35*b. What is the hundreds digit of b?
8
Let l be 4 + 1/(2/642). Suppose 0 = -2*g + 3*o + 161, -l = -4*g + 5*o - 0*o. What is the tens digit of g?
8
What is the units digit of -26*2*((-9)/4 + 2)?
3
Let p(j) = j - 4. Let g be p(6). Suppose 5*c + g*m - 43 = -3, 55 = 5*c + 5*m. Suppose -k + c*k - 70 = 0. What is the tens digit of k?
1
Suppose 18*t = 16*t + 1462. What is the units digit of t?
1
Let x(g) = 4*g**2 - 9*g - 142. What is the thousands digit of x(-22)?
1
Let h = 444 + -122. What is the tens digit of h?
2
Suppose 0*y - 1808 = -4*y. Let h = -150 + y. What is the tens digit of h?
0
Let i = -8 + 189. Suppose 4*n + 250 = 3*s, -4*s + 2*n + i + 139 = 0. What is the tens digit of s?
7
Let b(k) = -22*k**3 - 4*k**2 - 2*k + 51. What is the units digit of b(-5)?
1
Let z(p) = p**2 - p + 3. Let s be z(4). Let b(l) = -2*l + 39*l**3 - 36*l**2 + 1 + s*l**2 + 22*l**2. What is the units digit of b(1)?
9
Let o(l) = 2*l**2 + 10*l + 5. Let w be o(-4). What is the tens digit of w/(-9)*-2 - 1580/(-12)?
3
Suppose -w - 141 = 3*c, -3*c = -8*c + 4*w - 218. Let j = 107 + c. What is the tens digit of j?
6
Suppose -l + 14 = 2*u - 5*l, -u - 5*l - 7 = 0. Suppose -u + 5 = p. Suppose 0 = -p*i + 4*s + 118, 0 = -4*i - s + 159 + 50. What is the tens digit of i?
5
Suppose 5*d + 45 = -0*d. Let x be (-11)/(-4) - d/(-12). Suppose -x*s + 18 = -24. What is the units digit of s?
1
Suppose 0 = -y + 6 - 32. Let c = y - -28. Suppose -5*p - c*m + 359 = 0, p + 3*p = 3*m + 301. What is the units digit of p?
3
Let m = 1720 + -922. What is the tens digit of m?
9
Suppose 0 = -6*h + 40 - 178. Let d = h + 25. Suppose 7 = -2*t - 5*q, -5*q = 4*t - 9 - d. What is the units digit of t?
9
Suppose 5816 = 8*n + 1944. What is the tens digit of n?
8
Suppose 0 = 2*x + 4*t - 1140, 0 = -3*t + 2*t - 5. What is the hundreds digit of (112/(-140))/((-2)/x)?
2
Let u = -21 - -89. Let g = -16 + u. What is the tens digit of g?
5
Let x(o) = -o + 16. What is the units digit of x(-11)?
7
Let x(d) = 2*d**2 - 5*d - 9. Let j(o) = 5*o**2 + o + 1. Let m(l) = 3*l + 14. Let g be m(-5). Let r be j(g). What is the tens digit of x(r)?
1
Suppose 2*q + 147 = q + 5*t, 0 = 5*q + 2*t + 789. Let l = q - -299. What is the units digit of l?
2
Let f = 953 + 173. What is the hundreds digit of f?
1
Suppose -214*c = -204*c - 5820. What is the hundreds digit of c?
5
Let u(d) be the second derivative of d**3/2 - 6*d**2 - d + 82. Suppose -i - i - 2*y = -18, -3*y = 0. What is the units digit of u(i)?
5
Suppose -2 = v, -4*d = -v - 63 - 55. Suppose -4*t + l + 611 + d = 0, -3*l + 800 = 5*t. What is the tens digit of t?
6
Let o be ((-48)/20)/(5/(-550)). Suppose -6*k + 14*k = o. What is the units digit of k?
3
What is the tens digit of -4 + (-6)/(-3) + 